59863541 composite?
False
Is 7852727 a composite number?
False
Is 923899 a prime number?
False
Is 916563 prime?
False
Is 51818237 prime?
True
Is 671311 prime?
False
Is 23773907 prime?
True
Is 178951 a composite number?
False
Is 193874299 prime?
False
Is 18505561 prime?
True
Is 276080879 a prime number?
True
Is 2074229 a composite number?
True
Is 51307 prime?
True
Is 196283099 prime?
True
Is 31455055 a composite number?
True
Is 1711744753 composite?
False
Is 76271189 prime?
False
Is 1885511 a prime number?
False
Is 257047 a composite number?
True
Is 1103201 composite?
True
Is 156583109 a prime number?
False
Is 737547 prime?
False
Is 733441589 a composite number?
False
Is 505390411 prime?
True
Is 6985553 composite?
False
Is 342739 prime?
False
Is 517879 prime?
False
Is 3057521 a prime number?
True
Is 31944455 a prime number?
False
Is 1038169 prime?
False
Is 741695 a composite number?
True
Is 2414143 a prime number?
False
Is 49413263 a prime number?
True
Is 162285547 prime?
True
Is 7111793 a composite number?
True
Is 46667843 prime?
False
Is 43001393 a prime number?
True
Is 316633 prime?
True
Is 430439 a prime number?
False
Is 178786981 composite?
True
Is 840883 a composite number?
True
Is 31285567 a prime number?
True
Is 147473 a prime number?
False
Is 1193963 prime?
True
Is 6693217 prime?
True
Is 3868973 a prime number?
True
Is 7382551 a prime number?
False
Is 293399 prime?
True
Is 260091593 prime?
True
Is 5771501 a prime number?
True
Is 15904013 prime?
True
Is 162259619 a prime number?
False
Is 651229 a composite number?
True
Is 24459299 composite?
False
Is 14420237 composite?
True
Is 4508197 a prime number?
True
Is 2080013 a composite number?
True
Is 8123123 prime?
True
Is 3833087 composite?
False
Is 1107578 a prime number?
False
Is 3121303 a composite number?
False
Is 304557917 a prime number?
True
Is 314768177 a composite number?
True
Is 85045361 composite?
False
Is 290868467 a composite number?
False
Is 77907029 composite?
True
Is 151187943 composite?
True
Is 494587 a composite number?
False
Is 2181365 composite?
True
Is 267745 a composite number?
True
Is 7896297 a composite number?
True
Is 18897779 a composite number?
False
Is 1181839 composite?
False
Is 157942479 a composite number?
True
Is 2971693 a prime number?
True
Is 52631369 prime?
False
Is 650269 prime?
True
Is 496533 a prime number?
False
Is 119008769 a composite number?
True
Is 6799718 composite?
True
Is 802803659 prime?
False
Is 7755269 composite?
True
Is 270816229 composite?
False
Is 127849867 a composite number?
False
Is 74747849 a composite number?
True
Is 54413 a composite number?
False
Is 5995277 a composite number?
False
Is 10933387 a prime number?
False
Is 254497931 a composite number?
True
Is 8208787 a prime number?
True
Is 78459257 prime?
True
Is 14456147 prime?
True
Is 346156661 a prime number?
False
Is 11137163 composite?
False
Is 416551829 a composite number?
False
Is 240809657 a prime number?
False
Is 4345997 composite?
False
Is 2932679 composite?
False
Is 1415497 a composite number?
False
Is 10327651 a prime number?
True
Is 29954411 composite?
False
Is 8847229 prime?
True
Is 10869821 a composite number?
False
Is 2331061 composite?
False
Is 964822643 a prime number?
True
Is 53204467 a prime number?
False
Is 43392247 composite?
False
Is 7639491 a composite number?
True
Is 66210737 a composite number?
False
Is 23493209 a composite number?
True
Is 31269073 a prime number?
False
Is 2855059 a composite number?
True
Is 207619 a composite number?
False
Is 3390301 a prime number?
False
Is 5076583 composite?
True
Is 656551319 a prime number?
False
Is 22760053 a prime number?
False
Is 11707853 a prime number?
False
Is 520452749 prime?
True
Is 76717549 a composite number?
True
Is 5027537 prime?
True
Is 15572861 composite?
False
Is 84983089 a prime number?
False
Is 16354109 a prime number?
True
Is 80902859 prime?
False
Is 72549067 a prime number?
False
Is 34650701 a composite number?
False
Is 7010027 composite?
True
Is 196817137 a prime number?
False
Is 9696227 a prime number?
False
Is 10156357 prime?
True
Is 1964899 a prime number?
True
Is 26677527 a prime number?
False
Is 17198933 a prime number?
False
Is 257828843 a prime number?
True
Is 9207071 a prime number?
True
Is 335912141 a composite number?
False
Is 680783 composite?
False
Is 36695987 a prime number?
True
Is 1139458 a prime number?
False
Is 24889 prime?
True
Is 786001 a prime number?
True
Is 982922 a prime number?
False
Is 492824159 composite?
True
Is 220864069 a composite number?
False
Is 304875023 a composite number?
False
Is 16714223 composite?
False
Is 1637714489 a prime number?
True
Is 48105047 prime?
False
Is 24801613 a composite number?
True
Is 1003711 a prime number?
True
Is 4315271 a composite number?
True
Is 3592723 prime?
False
Is 98934413 a prime number?
False
Is 140333629 prime?
True
Is 742982 composite?
True
Is 3827249 a composite number?
False
Is 6138101 composite?
True
Is 78558127 a prime number?
False
Is 144433085 composite?
True
Is 5680331 composite?
True
Is 137671 a composite number?
True
Is 46414307 composite?
False
Is 68899109 a composite number?
True
Is 3033227 a composite number?
True
Is 219699157 a composite number?
True
Is 111664967 a composite number?
False
Is 263718961 a prime number?
False
Is 27098521 a prime number?
True
Is 83896523 a composite number?
True
Is 2930249393 composite?
False
Is 834593 a prime number?
True
Is 4480459 composite?
True
Is 137806223 prime?
False
Is 34237627 a prime number?
False
Is 3713887 a prime number?
True
Is 9910141 composite?
True
Is 5766161 prime?
True
Is 1296307 composite?
True
Is 116048821 a prime number?
False
Is 422911 composite?
False
Is 397001831 composite?
False
Is 160323577 composite?
True
Is 75901483 composite?
True
Is 53895221 a prime number?
True
Is 1098401 a prime number?
True
Is 44563791 prime?
False
Is 10854637 a prime number?
True
Is 156241607 a prime number?
False
Is 124827383 prime?
True
Is 1429548811 a composite number?
False
Is 49258043 a composite number?
False
Is 230550893 a prime number?
True
Is 267769 a prime number?
False
Is 30674249 a composite number?
True
Is 2212499 a composite number?
True
Is 939779 prime?
False
Is 3074537 composite?
False
Is 509990237 prime?
True
Is 20794441 a prime number?
True
Is 2886067 a prime number?
True
Is 4716577 composite?
True
Is 189946871 a prime number?
True
Is 2027659 prime?
True
Is 5942747 prime?
True
Is 2364361 prime?
True
Is 1597963 a composite number?
True
Is 49531349 composite?
True
Is 381550513 a composite number?
False
Is 7129139 composite?
True
Is 3659083 prime?
True
Is 574157 a prime number?
True
Is 24422977 prime?
True
Is 1810589 composite?
True
Is 357381499 prime?
False
Is 4580297 a prime number?
False
Is 10494817 a prime number?
True
Is 866783 composite?
False
Is 59343337 a composite number?
True
Is 3282967 prime?
False
Is 115082423 composite?
True
Is 7857771 a prime number?
False
Is 13927783 a composite number?
False
Is 13241911 a composite number?
False
Is 464245 prime?
False
Is 174989 a prime number?
True
Is 7189433 a composite number?
True
Is 303787 a composite number?
True
Is 53880499 a composite number?
True
Is 18800311 composite?
True
Is 2343743 a composite number?
False
Is 2264081 prime?
True
Is 2764891 a prime number?
True
Is 103106737 a prime number?
False
Is 6101122 prime?
False
Is 13135513 prime?
False
Is 1182397 a composite number?
False
Is 39745399 prime?
False
Is 38882659 composite?
False
Is 77727346 composite?
True
Is 9805709 prime?
True
Is 92856223 prime?
True
Is 5015011 composite?
True
Is 305409593 a prime number?
True
Is 492797 prime?
False
Is 2386639 prime?
True
Is 150522301 a prime number?
False
Is 217494211 prime?
False
Is 3975193 a composite number?
False
Is 24671951 a prime number?
True
Is 3576707 a prime number?
False
Is 1117622281 composite?
False
Is 1982849 prime?
False
Is 743959 a prime number?
False
Is 8456969 a composite number?
False
Is 25283645 prime?
False
Is 8775119 a composite number?
True
Is 30588751 a composite number?
True
Is 222191 a composite number?
True
Is 69822023 a composite number?
False
Is 30594097 a composite number?
False
Is 20453 a prime number?
False
Is 2954891 composite?
False
Is 47606501 composite?
False
Is 90335913 a composite nu